te the highest common divisor of 495 and 2145.
165
What is the greatest common divisor of 23 and 1?
1
What is the greatest common divisor of 25 and 7075?
25
What is the highest common divisor of 21 and 9?
3
What is the highest common factor of 92 and 621?
23
What is the greatest common factor of 117277 and 23?
23
Calculate the greatest common factor of 30 and 1410.
30
Calculate the greatest common divisor of 442 and 52.
26
What is the greatest common divisor of 192 and 320?
64
Calculate the highest common divisor of 816 and 102.
102
What is the highest common divisor of 10053 and 9?
9
What is the greatest common factor of 279 and 6?
3
Calculate the greatest common divisor of 2 and 1658.
2
Calculate the highest common factor of 15873 and 66.
33
Calculate the greatest common divisor of 368 and 184.
184
Calculate the highest common factor of 348 and 435.
87
What is the highest common factor of 328 and 82?
82
What is the highest common factor of 2920 and 40?
40
What is the greatest common factor of 25 and 3775?
25
Calculate the highest common factor of 153 and 5661.
153
What is the greatest common divisor of 12 and 424?
4
What is the highest common divisor of 57 and 304?
19
Calculate the greatest common factor of 722 and 114.
38
What is the highest common divisor of 2635 and 2945?
155
What is the greatest common divisor of 40 and 3856?
8
Calculate the greatest common divisor of 81 and 45.
9
What is the highest common factor of 4266 and 1620?
54
What is the greatest common factor of 1372 and 252?
28
What is the highest common divisor of 465 and 60?
15
What is the greatest common factor of 57 and 912?
57
What is the greatest common factor of 13362 and 34?
34
What is the greatest common divisor of 198 and 162?
18
Calculate the greatest common divisor of 316 and 4.
4
What is the greatest common divisor of 294 and 1029?
147
What is the greatest common factor of 2505 and 30?
15
What is the highest common divisor of 2370 and 12?
6
Calculate the highest common divisor of 301 and 71939.
301
What is the greatest common divisor of 52 and 2041?
13
Calculate the highest common factor of 336 and 1120.
112
What is the highest common factor of 5866 and 14?
14
Calculate the highest common divisor of 1844 and 28.
4
What is the greatest common divisor of 12 and 954?
6
Calculate the greatest common factor of 1 and 1660.
1
Calculate the highest common divisor of 552 and 120.
24
Calculate the greatest common divisor of 6615 and 98.
49
Calculate the greatest common factor of 341 and 1271.
31
Calculate the greatest common divisor of 10517 and 13.
13
Calculate the greatest common divisor of 1107 and 54.
27
Calculate the greatest common divisor of 84 and 798.
42
What is the greatest common factor of 1875 and 135?
15
What is the greatest common factor of 119 and 35?
7
Calculate the greatest common factor of 97 and 679.
97
Calculate the greatest common divisor of 12 and 42.
6
Calculate the highest common divisor of 254 and 2.
2
What is the greatest common divisor of 280 and 16?
8
Calculate the highest common factor of 442 and 4654.
26
Calculate the greatest common factor of 102 and 85.
17
Calculate the greatest common divisor of 2 and 514.
2
Calculate the highest common divisor of 24 and 12.
12
Calculate the highest common factor of 13312 and 64.
64
What is the highest common divisor of 207 and 23?
23
Calculate the highest common factor of 141 and 3713.
47
Calculate the greatest common divisor of 374 and 242.
22
What is the highest common factor of 144 and 54?
18
Calculate the greatest common divisor of 14691 and 498.
249
Calculate the greatest common divisor of 598 and 52.
26
What is the highest common factor of 224 and 3488?
32
What is the greatest common factor of 377 and 58?
29
What is the greatest common divisor of 63 and 5397?
21
What is the highest common factor of 1887 and 51?
51
What is the highest common divisor of 592 and 74?
74
Calculate the highest common divisor of 164 and 4.
4
What is the greatest common factor of 134 and 2?
2
Calculate the highest common factor of 176 and 132.
44
Calculate the highest common divisor of 37666 and 74.
74
Calculate the highest common divisor of 812 and 28.
28
What is the greatest common factor of 5 and 505?
5
Calculate the greatest common factor of 10934 and 66.
22
Calculate the greatest common factor of 26 and 299.
13
Calculate the greatest common factor of 118 and 10.
2
Calculate the greatest common factor of 776 and 291.
97
Calculate the highest common factor of 5612 and 1708.
244
Calculate the greatest common divisor of 350 and 14.
14
Calculate the greatest common factor of 3317 and 535.
107
Calculate the greatest common divisor of 174 and 754.
58
What is the greatest common divisor of 1036 and 28?
28
What is the greatest common divisor of 14 and 854?
14
What is the greatest common divisor of 1942 and 8?
2
What is the highest common divisor of 112 and 504?
56
Calculate the greatest common divisor of 2190 and 150.
30
What is the greatest common factor of 204 and 170?
34
What is the greatest common divisor of 9 and 2817?
9
What is the highest common factor of 2 and 55?
1
Calculate the greatest common divisor of 16372 and 4.
4
Calculate the highest common divisor of 4456 and 24.
8
Calculate the greatest common divisor of 3259 and 1.
1
What is the greatest common factor of 201 and 5293?
67
Calculate the greatest common factor of 182 and 26.
26
What is the greatest common factor of 441 and 98?
49
What is the highest common divisor of 560 and 8?
8
Calculate the highest common divisor of 146 and 803.
73
What is the greatest common divisor of 9 and 153?
9
Calculate the highest common divisor of 6572 and 371.
53
What is the greatest common factor of 4012 and 1593?
59
What is the greatest common factor of 1260 and 2880?
180
Calculate the highest common factor of 52728 and 24.
24
Calculate the greatest common divisor of 33 and 561.
33
Calculate the highest common factor of 40 and 500.
20
What is the greatest common divisor of 171 and 9063?
171
What is the greatest common divisor of 18 and 62703?
9
What is the greatest common divisor of 11982 and 6?
6
Calculate the highest common divisor of 476 and 42.
14
What is the highest common factor of 161 and 115?
23
What is the greatest common divisor of 4 and 32?
4
What is the highest common factor of 330 and 50?
10
What is the highest common divisor of 305 and 76555?
305
Calculate the greatest common divisor of 36 and 30.
6
What is the highest common divisor of 33 and 154?
11
Calculate the greatest common divisor of 1834 and 393.
131
What is the highest common factor of 8906 and 427?
61
Calculate the greatest common factor of 76 and 247.
19
What is the highest common factor of 19921 and 22?
11
What is the highest common divisor of 96 and 320?
32
What is the greatest common divisor of 48 and 3048?
24
What is the greatest common divisor of 5000 and 8?
8
What is the highest common divisor of 119 and 7?
7
What is the highest common factor of 13715 and 5?
5
What is the highest common factor of 17 and 34?
17
What is the highest common divisor of 1862 and 196?
98
What is the greatest common factor of 624 and 144?
48
Calculate the highest common factor of 648 and 1134.
162
Calculate the greatest common factor of 50 and 640.
10
Calculate the highest common factor of 763 and 981.
109
What is the highest common factor of 255 and 75?
15
Calculate the highest common factor of 228 and 228.
228
Calculate the greatest common divisor of 91 and 14.
7
Calculate the greatest common divisor of 2214 and 82.
82
Calculate the highest common factor of 10 and 31.
1
What is the greatest common factor of 594 and 27?
27
What is the highest common factor of 375 and 1000?
125
Calculate the highest common divisor of 161 and 77.
7
Calculate the highest common factor of 27 and 513.
27
Calculate the greatest common divisor of 12 and 366.
6
Calculate the greatest common divisor of 19967 and 123.
41
Calculate the greatest common factor of 15081 and 914.
457
Calculate the highest common factor of 16 and 36104.
8
What is the highest common factor of 45 and 1305?
45
What is the greatest common factor of 148 and 14134?
74
Calculate the greatest common factor of 153 and 51.
51
Calculate the greatest common factor of 40567 and 113